ed by 105?
94
What is the remainder when 629 is divided by 205?
14
Calculate the remainder when 503 is divided by 23.
20
What is the remainder when 28335 is divided by 308?
307
Calculate the remainder when 6695 is divided by 22.
7
What is the remainder when 1963 is divided by 171?
82
What is the remainder when 159 is divided by 20?
19
Calculate the remainder when 7 is divided by 6.
1
What is the remainder when 599 is divided by 5?
4
Calculate the remainder when 78 is divided by 27.
24
What is the remainder when 7193 is divided by 19?
11
What is the remainder when 425 is divided by 45?
20
Calculate the remainder when 492 is divided by 38.
36
What is the remainder when 3740 is divided by 67?
55
Calculate the remainder when 185 is divided by 70.
45
What is the remainder when 573 is divided by 116?
109
What is the remainder when 270 is divided by 124?
22
Calculate the remainder when 1006 is divided by 144.
142
Calculate the remainder when 2656 is divided by 31.
21
Calculate the remainder when 245 is divided by 13.
11
What is the remainder when 2939 is divided by 3?
2
What is the remainder when 622 is divided by 19?
14
What is the remainder when 322 is divided by 78?
10
Calculate the remainder when 1810 is divided by 90.
10
Calculate the remainder when 5709 is divided by 84.
81
What is the remainder when 21865 is divided by 154?
151
Calculate the remainder when 118 is divided by 36.
10
Calculate the remainder when 14660 is divided by 26.
22
What is the remainder when 1727 is divided by 48?
47
Calculate the remainder when 2021 is divided by 119.
117
What is the remainder when 387 is divided by 65?
62
What is the remainder when 476 is divided by 44?
36
What is the remainder when 261 is divided by 253?
8
What is the remainder when 5794 is divided by 166?
150
What is the remainder when 1063 is divided by 7?
6
Calculate the remainder when 8961 is divided by 18.
15
What is the remainder when 1099 is divided by 158?
151
What is the remainder when 72 is divided by 23?
3
What is the remainder when 351 is divided by 17?
11
Calculate the remainder when 91 is divided by 16.
11
Calculate the remainder when 384 is divided by 130.
124
Calculate the remainder when 179 is divided by 46.
41
Calculate the remainder when 4795 is divided by 36.
7
What is the remainder when 1528 is divided by 90?
88
Calculate the remainder when 340 is divided by 108.
16
Calculate the remainder when 296 is divided by 93.
17
Calculate the remainder when 214 is divided by 27.
25
What is the remainder when 1521 is divided by 7?
2
What is the remainder when 1515 is divided by 46?
43
What is the remainder when 536 is divided by 263?
10
What is the remainder when 4292 is divided by 12?
8
What is the remainder when 1774 is divided by 71?
70
What is the remainder when 2308 is divided by 30?
28
What is the remainder when 429 is divided by 142?
3
What is the remainder when 254 is divided by 77?
23
Calculate the remainder when 50 is divided by 14.
8
What is the remainder when 2325 is divided by 581?
1
Calculate the remainder when 948 is divided by 121.
101
Calculate the remainder when 224 is divided by 78.
68
Calculate the remainder when 761 is divided by 374.
13
Calculate the remainder when 11650 is divided by 47.
41
What is the remainder when 55 is divided by 7?
6
What is the remainder when 221 is divided by 110?
1
What is the remainder when 26 is divided by 10?
6
What is the remainder when 113 is divided by 62?
51
Calculate the remainder when 635 is divided by 92.
83
Calculate the remainder when 628 is divided by 35.
33
What is the remainder when 170 is divided by 31?
15
Calculate the remainder when 195 is divided by 4.
3
What is the remainder when 641 is divided by 92?
89
Calculate the remainder when 57 is divided by 15.
12
What is the remainder when 3918 is divided by 50?
18
Calculate the remainder when 858 is divided by 312.
234
What is the remainder when 385 is divided by 107?
64
What is the remainder when 1947 is divided by 642?
21
Calculate the remainder when 1954 is divided by 217.
1
What is the remainder when 146 is divided by 31?
22
What is the remainder when 216 is divided by 100?
16
What is the remainder when 881 is divided by 13?
10
Calculate the remainder when 136 is divided by 74.
62
What is the remainder when 7178 is divided by 114?
110
Calculate the remainder when 1680 is divided by 34.
14
What is the remainder when 257 is divided by 20?
17
What is the remainder when 2275 is divided by 34?
31
Calculate the remainder when 25 is divided by 14.
11
What is the remainder when 3363 is divided by 105?
3
Calculate the remainder when 1365 is divided by 194.
7
Calculate the remainder when 114 is divided by 9.
6
Calculate the remainder when 464 is divided by 78.
74
What is the remainder when 84 is divided by 56?
28
What is the remainder when 332 is divided by 112?
108
What is the remainder when 74 is divided by 10?
4
Calculate the remainder when 13949 is divided by 32.
29
What is the remainder when 2488 is divided by 250?
238
What is the remainder when 365 is divided by 41?
37
What is the remainder when 60 is divided by 7?
4
What is the remainder when 109 is divided by 38?
33
What is the remainder when 609 is divided by 17?
14
Calculate the remainder when 421 is divided by 25.
21
What is the remainder when 304 is divided by 58?
14
Calculate the remainder when 929 is divided by 22.
5
Calculate the remainder when 3697 is divided by 74.
71
Calculate the remainder when 276 is divided by 185.
91
Calculate the remainder when 2855 is divided by 22.
17
Calculate the remainder when 142 is divided by 39.
25
What is the remainder when 42 is divided by 12?
6
What is the remainder when 3904 is divided by 62?
60
What is the remainder when 296 is divided by 13?
10
What is the remainder when 2057 is divided by 27?
5
Calculate the remainder when 1029 is divided by 69.
63
Calculate the remainder when 127 is divided by 53.
21
What is the remainder when 42 is divided by 7?
0
Calculate the remainder when 1191 is divided by 387.
30
Calculate the remainder when 472 is divided by 101.
68
What is the remainder when 5286 is divided by 50?
36
What is the remainder when 206 is divided by 70?
66
Calculate the remainder when 1459 is divided by 14.
3
What is the remainder when 541 is divided by 266?
9
What is the remainder when 207 is divided by 52?
51
Calculate the remainder when 28 is divided by 7.
0
What is the remainder when 220 is divided by 20?
0
Calculate the remainder when 219 is divided by 8.
3
What is the remainder when 4070 is divided by 14?
10
What is the remainder when 61 is divided by 52?
9
Calculate the remainder when 1241 is divided by 153.
17
What is the remainder when 112 is divided by 20?
12
Calculate the remainder when 898 is divided by 13.
1
Calculate the remainder when 710 is divided by 181.
167
What is the remainder when 983 is divided by 104?
47
Calculate the remainder when 557 is divided by 40.
37
Calculate the remainder when 168 is divided by 24.
0
Calculate the remainder when 73 is divided by 8.
1
Calculate the remainder when 110 is divided by 49.
12
What is the remainder when 320 is divided by 151?
18
Calculate the remainder when 9410 is divided by 11.
5
What is the remainder when 1868 is divided by 39?
35
Calculate the remainder when 1516 is divided by 69.
67
What is the remainder when 965 is divided by 97?
92
What is the remainder when 61 is divided by 28?
5
Calculate the remainder when 378 is divided by 186.
6
Calculate the remainder when 1307 is divided by 234.
137
What is the remainder when 139 is divided by 50?
39
What is the remainder when 98 is divided by 17?
13
Calculate the remainder when 1294 is divided by 12.
10
Calculate the remainder when 2487 is divided by 10.
7
What is the remainder when 373 is divided by 168?
37
What is the remainder when 1690 is divided by 21?
10
What is the remainder when 1003 is divided by 101?
94
What is the remainder when 355 is divided by 72?
67
What is the remainder when 161 is divided by 18?
17
What is the remainder when 6343 is divided by 141?
139
Calculate the remainder when 347 is divided by 95.
62
Calculate the remainder when 321 is divided by 6.
3
What is the remainder when 3 is divided by 2?
1
Calculate the remainder when 66 is divided by 28